 a be (-9 - -10)/(1/2). Let c be (-8)/(-4) - -1 - (5 + -4). List the prime factors of 177/c - 1/a.
2, 11
Let q be (4 + -3)/((0 + 2)/(-22)). What are the prime factors of 24 - q/(33/(-6))?
2, 11
Let n be 9 - 9/45*10. List the prime factors of n*(4016/28 + 5).
1039
Let z = -780 - 95. Let s = z - -1287. What are the prime factors of s?
2, 103
Let v = -703 + 697. What are the prime factors of (-8 - v) + 1508 + (-15)/3?
19, 79
Let a(r) = 8*r**2 - 70*r - 2486. What are the prime factors of a(-62)?
2, 7, 17, 137
Suppose 0*f + 2435 = -5*f - 3*i, -2*i - 1460 = 3*f. Let t = -248 - f. What are the prime factors of t?
2, 11
Let z(v) = 9*v**2 - 14*v + 30. Suppose 5*u - 4*r - r = 50, 0 = 3*u - 5*r - 36. What are the prime factors of z(u)?
373
Suppose -3*f + 3*o - 5*o = -25, 2*f - 3*o = -5. Let w(l) = 11*l**2 + f*l - 5 + 0*l + 3*l. List the prime factors of w(-4).
139
What are the prime factors of (-1108873)/(-377) - (-12)/(-39)?
17, 173
Suppose -335 - 1290 = -13*c. Suppose 0 = 5*r - c + 20. What are the prime factors of 9/r + (-270)/(-7)?
3, 13
Let x(c) = 1036*c + 1637. What are the prime factors of x(4)?
3, 41, 47
Let o(w) = -w**3 - 7*w**2 - w + 7. Let f be o(-7). Suppose -17*t = -f*t. List the prime factors of (t + (-258)/(-9))/((-5)/(-15)).
2, 43
List the prime factors of 817204/164 - (-12)/246.
3, 11, 151
Let p(a) be the third derivative of -37*a**4/24 - 4*a**3 + 24*a**2. Let j be p(6). Let q = -172 - j. What are the prime factors of q?
2, 37
Let w be (2/2)/(-6 + 316/52). Suppose -43 = -6*s - w. Suppose z - s*z = -120. List the prime factors of z.
2, 3, 5
Let u(t) = -t**3 - 3*t**2 - 10*t - 5. Let w = 385 + -393. What are the prime factors of u(w)?
5, 79
Let w(i) = -392*i - 966. List the prime factors of w(-13).
2, 5, 7, 59
Let s(n) = -14*n**3 + 86*n**2 + 248*n - 59. Let v(a) = -5*a**3 + 28*a**2 + 83*a - 20. Let c(z) = -6*s(z) + 17*v(z). List the prime factors of c(-39).
2, 11, 17
Suppose 0 = 52*s - 236978 - 54638. List the prime factors of s.
2, 701
Suppose 183*h - 18054 = 355*h - 175*h. What are the prime factors of h?
2, 3, 17, 59
Let n(u) = 2*u**3 - 19*u**2 + 10*u + 80. What are the prime factors of n(18)?
2, 7, 103
What are the prime factors of (-30 + 39)/((-3)/(-1493)*(-3)/(-12))?
2, 3, 1493
Let i be 2 + 3*1883/(-21). Let x = i + 528. List the prime factors of x.
3, 29
Suppose -5*v + 4*k + 29 = -19, 2*v + 3*k = 33. Suppose 6 = 9*l - v. Suppose -2*c - 5*u + 302 = -3*u, -l*c - 4*u + 292 = 0. What are the prime factors of c?
2, 3, 13
Suppose -226*w - 32 = -222*w, 5*h + 4*w = 208628. What are the prime factors of h?
2, 10433
Let m(c) = 20*c + 68. Suppose -22*h + 18*h + 32 = -4*b, 31 = 2*h + b. What are the prime factors of m(h)?
2, 41
Let d = -99 - -1144. Suppose -d*w + 12537 = -1036*w. List the prime factors of w.
7, 199
Let i = 166 - 50. Let k be (16/(-3))/(i/36 - 3). Let c = k - -74. List the prime factors of c.
2, 5
Let z = -93550 + 172042. List the prime factors of z.
2, 3, 31, 211
Let v(z) = z**3 + 5*z**2 - z - 8. Suppose 4*m - 24 = 4*f, f + 0*f + 2*m = -3. Let h be v(f). List the prime factors of (h - (-83)/(-4))/(3/(-12)).
5, 19
Let s be 4/(-6) + (-442)/39. Let q(y) = -y**3 - 14*y**2 - 19*y - 2. Let c be q(s). Let u = c - -130. List the prime factors of u.
2, 17
Let n be 476/(-70)*10/(-2). Suppose m - n = 76. Suppose -4*c - m = -2*d, 3*d - 2*c + 0*c = 169. What are the prime factors of d?
3, 19
Suppose 5*a = 1 + 19. Suppose -n + 248 = -3*h - 216, 0 = a*n - h - 1845. Let o = n - 218. What are the prime factors of o?
3
Let o = 34431 - -4615. List the prime factors of o.
2, 7, 2789
Let z(b) = 1747*b**2 - 94*b - 395. List the prime factors of z(-4).
3, 9311
Let g = 2265 - -11010. What are the prime factors of g?
3, 5, 59
Suppose -2*m + 2*c + 17 = -57, 2 = 2*c. Suppose f + 2*o + 23 = -2*f, -3*o = 5*f + m. Let u(k) = -k**2 - 6*k + 16. List the prime factors of u(f).
3
Let u(j) = 223*j**2 + 58*j + 793. List the prime factors of u(-13).
2, 13, 1451
Suppose -3*q + 3*s = s + 12, 4*q + 17 = 3*s. Let z be (-14)/4 - ((-5)/(-2) + q). Let k = z - -153. List the prime factors of k.
149
Let d(w) = w**2 - 4*w. Let k be d(4). Suppose k = -4*z + 2 + 14. What are the prime factors of 42 - z - (5 - 1)?
2, 17
Let h = -67927 - -96604. What are the prime factors of h?
3, 11, 79
Suppose -4*l + 11*l - 700 = 0. What are the prime factors of l/(132/195 - 39/65)?
2, 5, 13
Suppose 10*l - 12*l = 2640. Let g = l - -2031. What are the prime factors of g?
3, 79
Let m be (1 - (0 + 3)) + 4. What are the prime factors of (9 - 9) + (40 - m)?
2, 19
Suppose 0 = -0*l - 3*l + 4*q - 26, -3*q - 3 = 0. Let z(s) = 6*s**2 + 30*s + 159. List the prime factors of z(l).
3, 17
Let g(z) = -214*z + 373. What are the prime factors of g(-16)?
3797
Let b(s) = -s**3 + 5*s**2 - 7*s + 5. Let l be b(3). Suppose 4*v - 55 = -i + l*v, i + 3*v = 60. What are the prime factors of i?
3, 5
Suppose 22*v + 24 = 28*v. Suppose -v*y = -14*y + 1480. What are the prime factors of y?
2, 37
Suppose 6 = 3*r, -r + 16 = 2*b + 4*r. List the prime factors of (32/10)/(b/(-630)*-6).
2, 7
Let i(m) = m**3 - 3*m**2 - m + 2341. Let c be i(0). Let d = -1273 + c. What are the prime factors of d?
2, 3, 89
List the prime factors of (680/(-16) - -22)*-1866.
3, 41, 311
List the prime factors of 3129749*14/686 - 8/(-84)*6.
3, 47, 151
List the prime factors of (13 + (-12 - -359))*155.
2, 3, 5, 31
Let d(a) = -3*a**3 - a**2 - 5*a - 3. Let i(h) = -h**3 + 7*h**2 - 12*h + 2. Let s be i(6). Let c = s + 31. What are the prime factors of d(c)?
2, 3, 7
Let s = 42 + -57. Let w be s/12 + 76/(-16). Let y = w + 117. What are the prime factors of y?
3, 37
Suppose t - 89995 = -3*z, 212*t = 209*t + 12. List the prime factors of z.
3, 11, 101
Let g(y) = -y**3 + 14*y**2 + 6*y. Let d be g(12). Suppose 0 = -48*p + 54*p + d. Let q = p - -91. What are the prime factors of q?
31
Suppose x + 19 = 5*x - u, 5*x = -5*u + 5. Suppose -x*v - 2*f = -0*v - 26, 0 = -f + 1. Suppose v*n = 4*n + 102. List the prime factors of n.
3, 17
Suppose -25*o = 49 - 349. Suppose -12825 = o*x - 31*x. List the prime factors of x.
3, 5
Suppose 48*y - 216 = 56*y. List the prime factors of 36/y*9852/(-16).
821
Let u(x) = 535 + 25*x - x**3 - 112*x**2 + 112*x**2 - 10*x. List the prime factors of u(0).
5, 107
Suppose -106*w - 42581 = -113*w. What are the prime factors of w?
7, 11, 79
Let b(v) = 7*v**2 + 7*v - 32. Let q = -11 + 20. List the prime factors of b(q).
2, 13, 23
Suppose 0 = 3*c - m - 10, -5*c - 10 = 2*m + 3*m. Suppose 0 = c*u - 0*h - 4*h - 20, -62 = -3*u - 2*h. Suppose 33 + u = 3*i. List the prime factors of i.
17
Let u(j) = 399*j**2 - 37*j - 943. List the prime factors of u(-9).
37, 857
Let i(p) be the second derivative of -12*p + 0 + 8/3*p**3 - 8*p**2. What are the prime factors of i(5)?
2
Suppose 13*q - 5*q = 3760. Suppose 13*x - 648 = q. List the prime factors of x.
2, 43
Let u(l) be the first derivative of -l**2/2 - 3*l + 2. Let o be u(0). What are the prime factors of (-12)/(-36) - (0 + 227/o)?
2, 19
Suppose b + 25*b = 26. List the prime factors of (-21)/28*b - (-5174)/8.
2, 17, 19
Suppose -102*o = 173*o + 23*o - 298. Let w(u) = 84*u - 8*u + 5 + 3. List the prime factors of w(o).
2, 3, 7
Let w be 36420/55 + (-6)/33. Suppose 2*c - 2*b - 667 = b, 2*c - 2*b = w. Let n = c + -123. List the prime factors of n.
7, 29
Suppose 5*i - 171 = -4*z, i - 36 = -z + 2*i. Suppose -3*q - 24 = -3*o, 0 = 3*o + 2*q - z - 5. List the prime factors of -4*6/o*41/(-2).
41
Suppose 0*p + 48128 = 7*p - 66546. What are the prime factors of p?
2, 8191
Suppose 5*r - w + 8 + 14 = 0, 2*r = 4*w - 16. List the prime factors of 11*56 - (4 + 4/r).
613
Let c(r) = -3*r**3 + r**2 + r - 3. Suppose -58*n = -55*n - 9. Let o be c(n). Let u = o + 109. List the prime factors of u.
37
Let b(y) = 7*y - 3. Let f be b(2). Let z(q) = -q**2 + 16*q - 4. Let x be z(f). Suppose 0 = 4*i - x - 313. What are the prime factors of i?
7, 13
Let f = 181 - 173. Let c = 305 - f. List the prime factors of c.
3, 11
Let g(x) = -x**3 + 8*x**2 + 10*x + 51. Let f(i) = i**3 - 8*i**2 - 11*i - 52. Let r(z) = -2*f(z) - 3*g(z). What are the prime factors of r(10)?
71
Let u(f) = f**3 - f. Let q be u(1). Suppose 15*c + 1991 + 4459 = q. List the prime factors of (-6)/9 + c/(-6).
71
Suppose 47732 = 22*u - 22008. List the prime factors of u.
2, 5, 31